{"id":64,"date":"2024-12-29T17:04:43","date_gmt":"2024-12-29T16:04:43","guid":{"rendered":"http:\/\/kasalai.cluster027.hosting.ovh.net\/?page_id=64"},"modified":"2026-01-17T15:36:43","modified_gmt":"2026-01-17T14:36:43","slug":"mentions-legales","status":"publish","type":"page","link":"https:\/\/kasalab.fr\/index.php\/mentions-legales\/","title":{"rendered":"Mentions L\u00e9gales"},"content":{"rendered":"<div class=\"Ka_Fond_Article\">\n<div class=\"masquer\">************************ ENTETE ***********************************<\/div>\n<div class=\"ACC_INTER_BLOC\"><\/div>\n<p><a href=\"https:\/\/www.kasalab.fr\"><\/p>\n<div id=\"Ka_Entete\">\n<\/div>\n<p><\/a><\/p>\n<div class=\"ACC_INTER_BLOC\"><\/div>\n<div class=\"masquer\">******************* MENU A COPIER **************************<\/div>\n<div id=\"CADRE_LOGO_MENU\" style=\"height:auto;\">\n<li class=\"CADRE_LOGO_LISTE\" id=\"CLL_1\" onclick=\"Ouvre_Menu(1)\">A propos<\/li>\n<li class=\"CADRE_LOGO_LISTE\" id=\"CLL_2\" onclick=\"Ouvre_Menu(2)\">Prochaines formations<\/li>\n<li class=\"CADRE_LOGO_LISTE\" id=\"CLL_3\" onclick=\"Ouvre_Menu(3)\">Nos publications<\/li>\n<li class=\"CADRE_LOGO_LISTE\" id=\"CLL_4\" onclick=\"Ouvre_Menu(4)\">Kas\u00e0l\u00e0s \u00e0 d\u00e9couvrir<\/li>\n<li class=\"CADRE_LOGO_LISTE\" id=\"CLL_5\"><a href=\"https:\/\/kasalab.fr\/index.php\/questions\/\">FAQ<\/a><\/li>\n<\/div>\n<div id=\"CADRE_LOGO_SOUS_MENU_1\" class=\"SOUS_MENU\" >\n<li class=\"CADRE_LOGO_SML_1\"><a href=\"https:\/\/kasalab.fr\/index.php\/a_propos_kasalab\">Kas\u00e0l\u00e0b<\/a><\/li>\n<li class=\"CADRE_LOGO_SML_1\"><a href=\"https:\/\/kasalab.fr\/index.php\/a_propos_kasaleo\">Documentaire \u00ab\u00a0kasaleo, la r\u00e9v\u00e9lation\u00a0\u00bb<\/a><\/li>\n<li class=\"CADRE_LOGO_SML_1\"><a href=\"https:\/\/kasalab.fr\/index.php\/formatrices\">Nos kas\u00e0leuses ont du talent<\/a><\/li>\n<\/div>\n<div id=\"CADRE_LOGO_SOUS_MENU_2\" class=\"SOUS_MENU\" >\n<li class=\"CADRE_LOGO_SML_2\"><a href=\"https:\/\/kasalab.fr\/index.php\/calendrier\">Calendrier<\/a><\/li>\n<li class=\"CADRE_LOGO_SML_2\"><a href=\"https:\/\/kasalab.fr\/wp-content\/uploads\/Formations-Kasalab-3-volets.pdf\">Quelles formations choisir ?<\/a><\/li>\n<li class=\"CADRE_LOGO_SML_2\"><a href=\"http:\/\/kasalab.fr\/wp-content\/uploads\/V2-Eskale-Narrative-Corse.pdf\">Eskales narratives<\/a><\/li>\n<li class=\"CADRE_LOGO_SML_2\"><a href=\"http:\/\/kasalab.fr\/wp-content\/uploads\/Ecrire_Celebrer.pdf\">\u00c9crire et c\u00e9l\u00e9brer<\/a><\/li>\n<\/div>\n<div id=\"CADRE_LOGO_SOUS_MENU_3\" class=\"SOUS_MENU\" >\n<li class=\"CADRE_LOGO_SML_3\"><a href=\"https:\/\/kasalab.fr\/index.php\/newsletters\">Newsletters<\/a><\/li>\n<li class=\"CADRE_LOGO_SML_3\"><a href=\"https:\/\/kasalab.fr\/index.php\/ressources\/\">Ressources<\/a><\/li>\n<li class=\"CADRE_LOGO_SML_3\">Blog<\/li>\n<li class=\"CADRE_LOGO_SML_3\">Podcast<\/li>\n<li class=\"CADRE_LOGO_SML_3\">Livres sonores<\/li>\n<\/div>\n<div id=\"CADRE_LOGO_SOUS_MENU_4\" class=\"SOUS_MENU\" >\n<li class=\"CADRE_LOGO_SML_4\"><a href=\"https:\/\/kasalab.fr\/index.php\/Kasala_01\">Kas\u00e0l\u00e0 \u00e0 mes lign\u00e9es<\/a><\/li>\n<li class=\"CADRE_LOGO_SML_4\"><a href=\"https:\/\/kasalab.fr\/index.php\/Kasala_02\">Kas\u00e0l\u00e0 de l\u2019air<\/a><\/li>\n<li class=\"CADRE_LOGO_SML_4\"><a href=\"https:\/\/kasalab.fr\/index.php\/Kasala_03\">Kas\u00e0l\u00e0 du serpent<\/a><\/li>\n<li class=\"CADRE_LOGO_SML_4\"><a href=\"https:\/\/kasalab.fr\/index.php\/Kasala_04\">Le poing e<\/a><\/li>\n<li \nclass=\"CADRE_LOGO_SML_4\"><a href=\"https:\/\/kasalab.fr\/index.php\/Kasala_05\">Kas\u00e0l\u00e0 mosa\u00efque<\/a><\/li>\n<li \nclass=\"CADRE_LOGO_SML_4\"><a href=\"https:\/\/kasalab.fr\/wp-content\/uploads\/KA-Enterrement-RDC.mp4\">Kas\u00e0l\u00e0 de deuil au Congo<\/a><\/li>\n<\/div>\n<div id=\"CADRE_LOGO_SOUS_MENU_5\" class=\"SOUS_MENU\" >\n<li class=\"CADRE_LOGO_SML_5\"><a href=\"https:\/\/kasalab.fr\/index.php\/questions\/\">Questions<\/a><\/li>\n<\/div>\n<div class=\"masquer\">******************* FIN DE MENU A COPIER **************************<\/div>\n<div class=\"ACC_INTER_BLOC\"><\/div>\n<div class=\"masquer\">************************ PAGE MENTIONS LEGALES **************************<\/div>\n<div id=\"Ka_Mentions_Legales\">\n<div id=\"Ka_Mentions_Legales_Titre\" class=\"Ka_Titre\">Politique de confidentialit\u00e9 de Kas\u00e0lab<\/div>\n<div class=\"Ka_Mentions_Legales_Parag Ka_Gauche\">\nAfin de conduire nos activit\u00e9s au mieux, voici les donn\u00e9es personnelles courantes que Kas\u00e0lab est amen\u00e9e \u00e0 recueillir lors de nos \u00e9changes :<\/p>\n<li class=\"Ka_ML_Liste_1\">Vos noms, pr\u00e9noms et adresse courriel pour pouvoir communiquer, r\u00e9pondre \u00e0 vos questions et vous informer des actualit\u00e9s et des prochaines formations organis\u00e9es par Kas\u00e0lab et\/ou une autre \u00e9cole de Kas\u00e0laction\u00a0;<\/li>\n<li class=\"Ka_ML_Liste_1\">Votre pays de r\u00e9sidence pour adapter, le cas \u00e9ch\u00e9ant, les horaires des formations en ligne. Par d\u00e9faut, elles sont ouvertes \u00e0 des r\u00e9sidentes et r\u00e9sidents europ\u00e9en.nes et qu\u00e9becois.es\u00a0;<\/li>\n<li class=\"Ka_ML_Liste_1\">Votre ville de r\u00e9sidence pour pouvoir vous proposer des formations pr\u00e9sentielles dans votre secteur g\u00e9ographique, lorsque la demande locale est suffisante\u00a0;<\/li>\n<li class=\"Ka_ML_Liste_1\">Votre activit\u00e9 professionnelle lorsqu\u2019elle justifie de proposer des formations d\u00e9di\u00e9es. Par exemple\u00a0:<\/li>\n<li class=\"Ka_ML_Liste_2 Ka_ML_Liste_Marge\" >des formations int\u00e9grant les pratiques narratives et le kas\u00e0l\u00e0 contemporain pour des personnes qui seraient d\u00e9j\u00e0 form\u00e9es aux pratiques narratives (coaches narratifs)\u00a0; <\/li>\n<li class=\"Ka_ML_Liste_2\">ou visant le d\u00e9veloppement de comp\u00e9tences narratives pour les personnes d\u00e9sirant s\u2019engager dans ce type d\u2019accompagnement \u00e0 titre professionnel\u00a0;<\/li>\n<li class=\"Ka_ML_Liste_1 Ka_ML_Liste_Marge\">Le biais par lequel vous \u00eates arriv\u00e9.e au kas\u00e0l\u00e0, pour mieux cibler les populations int\u00e9ress\u00e9es par nos propositions et les meilleurs m\u00e9dias de communication (par exemple par le site de Kas\u00e0laction, par les pratiques narratives etc.). Ces informations sont utiles au d\u00e9veloppement p\u00e9dagogique et commercial de Kas\u00e0lab\u00a0;<\/li>\n<li class=\"Ka_ML_Liste_1\">Votre adresse postale au besoin, information exig\u00e9e pour l\u2019\u00e9tablissement de factures si vous en demandez\u00a0;<\/li>\n<li class=\"Ka_ML_Liste_1\">Le cas \u00e9ch\u00e9ant des commentaires sur des attentes sp\u00e9cifiques (par exemple l\u2019animation d\u2019un stage pr\u00e9sentiel en Belgique).<\/li>\n<\/div>\n<div class=\"Ka_Mentions_Legales_Parag Ka_Gauche\">\nAfin de pouvoir certifier votre progression dans les cursus de formation, nous enregistrons\u00a0:<\/p>\n<li class=\"Ka_ML_Liste_1\">Les modules auxquels vous avez particip\u00e9\u00a0:<\/li>\n<li class=\"Ka_ML_Liste_2\">Th\u00e8me<\/li>\n<li class=\"Ka_ML_Liste_2\">Date<\/li>\n<li class=\"Ka_ML_Liste_2\">Modalit\u00e9<\/li>\n<li class=\"Ka_ML_Liste_2\">Assiduit\u00e9 en nombre d\u2019heures<\/li>\n<li class=\"Ka_ML_Liste_2\">Animatrice ou animateur<\/li>\n<li class=\"Ka_ML_Liste_1\">Les travaux r\u00e9alis\u00e9s\u00a0:<\/li>\n<li class=\"Ka_ML_Liste_2\">Nombre de kas\u00e0l\u00e0s \u00e9crits par session<\/li>\n<li class=\"Ka_ML_Liste_2\">Nombre de recueils pris en charge<\/li>\n<li class=\"Ka_ML_Liste_2\">Travaux sp\u00e9cifiques en vue de la certification de chaque degr\u00e9 propos\u00e9 (par exemple \u00ab\u00a0\u00e9crit autobioraphique\u00a0\u00bb pour la certification \u00ab\u00a0animer un atelier de kas\u00e0l\u00e0 contemporain\u00a0\u00bb<\/li>\n<p>Il n\u2019est pas pr\u00e9vu de purge automatique de ces donn\u00e9es d\u2019identification et de suivi. Elles peuvent n\u00e9anmoins \u00eatre effac\u00e9es sur simple demande de votre part, \u00e0 l\u2019adresse courrier kasalab75@gmail.com<\/p>\n<p>Dans des cas exceptionnels, Kas\u00e0lab peut \u00eatre amen\u00e9e \u00e0 collecter des donn\u00e9es financi\u00e8res qualifi\u00e9es de donn\u00e9es sensibles par le RGPD\u00a0:<\/p>\n<li class=\"Ka_ML_Liste_1\">Vos coordonn\u00e9es bancaires pour vous rembourser par virement du montant des droits d\u2019inscription, lorsque vous annulez votre participation avant le d\u00e9but de l\u2019action de formation. Ces donn\u00e9es sont supprim\u00e9es d\u00e8s la bonne fin de l\u2019op\u00e9ration\u00a0;<\/li>\n<li class=\"Ka_ML_Liste_1\">Les coordonn\u00e9es bancaires d\u2019autres \u00e9coles du r\u00e9seau Kas\u00e0laction, afin de rediriger le r\u00e8glement des droits d\u2019inscription pour les personnes r\u00e9sidant au Qu\u00e9bec, lorsqu\u2019elles en font la demande. Ces donn\u00e9es sont conserv\u00e9es tant que la collaboration entre Kas\u00e0lab et ladite \u00e9cole est active.<\/li>\n<\/div>\n<div class=\"Ka_Mentions_Legales_Parag Ka_Gauche\">\nKas\u00e0lab prot\u00e8ge ses donn\u00e9es \u00e0 l\u2019aide de mots de passe robustes. Les seules personnes y ayant acc\u00e8s sont le pr\u00e9sident et la tr\u00e9sori\u00e8re de l\u2019association.<br \/>\nVous pouvez exercer vos droits d\u2019acc\u00e8s, de rectification, d\u2019effacement \u00e0 l\u2019adresse suivante\u00a0:\n<\/div>\n<div class=\"Ka_Mentions_Legales_Parag Ka_Centre\">Kasalab75@gmail.com<\/div>\n<div class=\"Ka_Mentions_Legales_Parag Ka_Gauche\">\nVous aurez une r\u00e9ponse dans un d\u00e9lai maximum d\u2019un mois \u00e0 compter de la r\u00e9ception de votre demande.\n<\/div>\n<\/div>\n<div class=\"ACC_INTER_BLOC\"><\/div>\n<div class=\"masquer\">************************ BAS DE PAGE **************************<\/div>\n<div id=\"CADRE_LOGO\" style=\"top:0; position:relative;\">\n<div id=\"CADRE_LOGO_MARQUE\"><\/div>\n<div id=\"CADRE_LOGO_BANDE\"><\/div>\n<div>\n<div id=\"CADRE_LOGO_IMAGE\"><\/div>\n<div id=\"CADRE_LOGO_FOND\"><\/div>\n<div id=\"CADRE_LOGO_LOGO\"><\/div>\n<div id=\"CADRE_LOGO_SLOGAN\">LA FABRIQUE DU LIEN<\/div>\n<\/div>\n<div id=\"CADRE_LOGO_TITRE\">L&rsquo;\u00e9cole fran\u00e7aise de Kas\u00e0l\u00e0 contemporain<\/div>\n<div class=\"masquer\">******************* MENU DE BAS DE PAGE &#8211; A COPIER **************************<\/div>\n<div class=\"CADRE_LOGO_MENTIONS\">\n<li class=\"CADRE_LOGO_MENU\"><a style=\"color:rgb(181,139,84);\" href=\"https:\/\/kasalab.fr\/index.php\/mentions-legales\/\">Mentions l\u00e9gales<\/a><\/li>\n<li class=\"CADRE_LOGO_MENU\"><a href=\"https:\/\/kasalab.fr\/index.php\/nos_partenaires\/\" style=\"color:rgb(181,139,84);\">Nos partenaires<\/a><\/li>\n<li class=\"CADRE_LOGO_MENU\"><a style=\"color:rgb(181,139,84);\" href=\"mailto:kasalab75@gmail.com?subject=Demande de renseignement\">Nous contacter<\/a><\/li>\n<li class=\"CADRE_LOGO_MENU\"><a style=\"color:rgb(181,139,84);\" href=\"https:\/\/kasalab.fr\/index.php\/newsletter\/\">Recevoir la Newsletter<\/a><\/li>\n<\/div>\n<div id=\"CADRE_LOGO_LINKEDIN\"><a style=\"color:whitesmoke;\" href=\"https:\/\/www.linkedin.com\/in\/marie-france-baroth-6998a461\/\">ln<\/a><\/div>\n<div id=\"CADRE_LOGO_INSTA\"><a style=\"color:whitesmoke;\" href=\"https:\/\/www.instagram.com\/kasala.france\">Insta<\/a><\/div>\n<div class=\"masquer\">*************** MENU DE BAS DE PAGE &#8211; FIN DE BLOC A COPIER ******************<\/div>\n<\/div>\n<\/div>\n","protected":false},"excerpt":{"rendered":"<p>************************ ENTETE *********************************** ******************* MENU A COPIER ************************** A propos Prochaines formations Nos publications Kas\u00e0l\u00e0s \u00e0 d\u00e9couvrir FAQ Kas\u00e0l\u00e0b Documentaire \u00ab\u00a0kasaleo, la r\u00e9v\u00e9lation\u00a0\u00bb Nos kas\u00e0leuses ont du talent Calendrier Quelles formations choisir ? Eskales narratives \u00c9crire et c\u00e9l\u00e9brer Newsletters Ressources Blog Podcast Livres sonores Kas\u00e0l\u00e0 \u00e0 mes lign\u00e9es Kas\u00e0l\u00e0 de l\u2019air Kas\u00e0l\u00e0 du serpent Le &hellip; <\/p>\n<p class=\"link-more\"><a href=\"https:\/\/kasalab.fr\/index.php\/mentions-legales\/\" class=\"more-link\">Continuer la lecture<span class=\"screen-reader-text\"> de &laquo;&nbsp;Mentions L\u00e9gales&nbsp;&raquo;<\/span><\/a><\/p>\n","protected":false},"author":1,"featured_media":0,"parent":0,"menu_order":0,"comment_status":"closed","ping_status":"closed","template":"","meta":{"footnotes":""},"simple-restrict-permission":[],"class_list":["post-64","page","type-page","status-publish","hentry"],"jetpack_sharing_enabled":true,"_links":{"self":[{"href":"https:\/\/kasalab.fr\/index.php\/wp-json\/wp\/v2\/pages\/64","targetHints":{"allow":["GET"]}}],"collection":[{"href":"https:\/\/kasalab.fr\/index.php\/wp-json\/wp\/v2\/pages"}],"about":[{"href":"https:\/\/kasalab.fr\/index.php\/wp-json\/wp\/v2\/types\/page"}],"author":[{"embeddable":true,"href":"https:\/\/kasalab.fr\/index.php\/wp-json\/wp\/v2\/users\/1"}],"replies":[{"embeddable":true,"href":"https:\/\/kasalab.fr\/index.php\/wp-json\/wp\/v2\/comments?post=64"}],"version-history":[{"count":9,"href":"https:\/\/kasalab.fr\/index.php\/wp-json\/wp\/v2\/pages\/64\/revisions"}],"predecessor-version":[{"id":591,"href":"https:\/\/kasalab.fr\/index.php\/wp-json\/wp\/v2\/pages\/64\/revisions\/591"}],"wp:attachment":[{"href":"https:\/\/kasalab.fr\/index.php\/wp-json\/wp\/v2\/media?parent=64"}],"wp:term":[{"taxonomy":"simple-restrict-permission","embeddable":true,"href":"https:\/\/kasalab.fr\/index.php\/wp-json\/wp\/v2\/simple-restrict-permission?post=64"}],"curies":[{"name":"wp","href":"https:\/\/api.w.org\/{rel}","templated":true}]}}